[INFO] cloning repository https://github.com/wfraser/gofer
[INFO] running `Command { std: "git" "-c" "credential.helper=" "-c" "credential.helper=/workspace/cargo-home/bin/git-credential-null" "clone" "--bare" "https://github.com/wfraser/gofer" "/workspace/cache/git-repos/https%3A%2F%2Fgithub.com%2Fwfraser%2Fgofer", kill_on_drop: false }`
[INFO] [stderr] Cloning into bare repository '/workspace/cache/git-repos/https%3A%2F%2Fgithub.com%2Fwfraser%2Fgofer'...
[INFO] running `Command { std: "git" "rev-parse" "HEAD", kill_on_drop: false }`
[INFO] [stdout] 499bd1a1b4f42602d478e169392cd0e4a488d877
[INFO] checking wfraser/gofer against master#af3c6e733a40e671550e0f0f5aeecaa13772ba56 for pr-74989
[INFO] running `Command { std: "git" "clone" "/workspace/cache/git-repos/https%3A%2F%2Fgithub.com%2Fwfraser%2Fgofer" "/workspace/builds/worker-14/source", kill_on_drop: false }`
[INFO] [stderr] Cloning into '/workspace/builds/worker-14/source'...
[INFO] [stderr] done.
[INFO] validating manifest of git repo https://github.com/wfraser/gofer on toolchain af3c6e733a40e671550e0f0f5aeecaa13772ba56
[INFO] running `Command { std: "/workspace/cargo-home/bin/cargo" "+af3c6e733a40e671550e0f0f5aeecaa13772ba56" "read-manifest" "--manifest-path" "Cargo.toml", kill_on_drop: false }`
[INFO] started tweaking git repo https://github.com/wfraser/gofer
[INFO] finished tweaking git repo https://github.com/wfraser/gofer
[INFO] tweaked toml for git repo https://github.com/wfraser/gofer written to /workspace/builds/worker-14/source/Cargo.toml
[INFO] crate git repo https://github.com/wfraser/gofer already has a lockfile, it will not be regenerated
[INFO] running `Command { std: "/workspace/cargo-home/bin/cargo" "+af3c6e733a40e671550e0f0f5aeecaa13772ba56" "fetch" "--locked" "--manifest-path" "Cargo.toml", kill_on_drop: false }`
[INFO] [stderr]     Blocking waiting for file lock on package cache
[INFO] [stderr]  Downloading crates ...
[INFO] [stderr]   Downloaded pin-project-internal v0.4.20
[INFO] [stderr]   Downloaded proc-macro-nested v0.1.5
[INFO] [stderr]   Downloaded thiserror v1.0.19
[INFO] [stderr]   Downloaded pin-project-lite v0.1.6
[INFO] [stderr]   Downloaded pin-project v0.4.20
[INFO] [stderr]   Downloaded thiserror-impl v1.0.19
[INFO] [stderr]   Downloaded syn v1.0.30
[INFO] running `Command { std: "docker" "create" "-v" "/var/lib/crater-agent-workspace/builds/worker-14/target:/opt/rustwide/target:rw,Z" "-v" "/var/lib/crater-agent-workspace/builds/worker-14/source:/opt/rustwide/workdir:ro,Z" "-v" "/var/lib/crater-agent-workspace/cargo-home:/opt/rustwide/cargo-home:ro,Z" "-v" "/var/lib/crater-agent-workspace/rustup-home:/opt/rustwide/rustup-home:ro,Z" "-e" "SOURCE_DIR=/opt/rustwide/workdir" "-e" "CARGO_TARGET_DIR=/opt/rustwide/target" "-e" "CARGO_HOME=/opt/rustwide/cargo-home" "-e" "RUSTUP_HOME=/opt/rustwide/rustup-home" "-w" "/opt/rustwide/workdir" "-m" "1610612736" "--user" "0:0" "--network" "none" "rustops/crates-build-env@sha256:d92eaeed33fa75130ca1ee6c8a01d1ffb62bac859dfdfb3450e3e5d1c0146529" "/opt/rustwide/cargo-home/bin/cargo" "+af3c6e733a40e671550e0f0f5aeecaa13772ba56" "metadata" "--no-deps" "--format-version=1", kill_on_drop: false }`
[INFO] [stdout] 8eb34d39c4fab08071bef0f05304b8896a2bd5a7ae80652bf9846aa656693c71
[INFO] [stderr] WARNING: Your kernel does not support swap limit capabilities or the cgroup is not mounted. Memory limited without swap.
[INFO] running `Command { std: "docker" "start" "-a" "8eb34d39c4fab08071bef0f05304b8896a2bd5a7ae80652bf9846aa656693c71", kill_on_drop: false }`
[INFO] running `Command { std: "docker" "inspect" "8eb34d39c4fab08071bef0f05304b8896a2bd5a7ae80652bf9846aa656693c71", kill_on_drop: false }`
[INFO] running `Command { std: "docker" "rm" "-f" "8eb34d39c4fab08071bef0f05304b8896a2bd5a7ae80652bf9846aa656693c71", kill_on_drop: false }`
[INFO] [stdout] 8eb34d39c4fab08071bef0f05304b8896a2bd5a7ae80652bf9846aa656693c71
[INFO] running `Command { std: "docker" "create" "-v" "/var/lib/crater-agent-workspace/builds/worker-14/target:/opt/rustwide/target:rw,Z" "-v" "/var/lib/crater-agent-workspace/builds/worker-14/source:/opt/rustwide/workdir:ro,Z" "-v" "/var/lib/crater-agent-workspace/cargo-home:/opt/rustwide/cargo-home:ro,Z" "-v" "/var/lib/crater-agent-workspace/rustup-home:/opt/rustwide/rustup-home:ro,Z" "-e" "SOURCE_DIR=/opt/rustwide/workdir" "-e" "CARGO_TARGET_DIR=/opt/rustwide/target" "-e" "CARGO_INCREMENTAL=0" "-e" "RUST_BACKTRACE=full" "-e" "RUSTFLAGS=--cap-lints=forbid" "-e" "CARGO_HOME=/opt/rustwide/cargo-home" "-e" "RUSTUP_HOME=/opt/rustwide/rustup-home" "-w" "/opt/rustwide/workdir" "-m" "1610612736" "--user" "0:0" "--network" "none" "rustops/crates-build-env@sha256:d92eaeed33fa75130ca1ee6c8a01d1ffb62bac859dfdfb3450e3e5d1c0146529" "/opt/rustwide/cargo-home/bin/cargo" "+af3c6e733a40e671550e0f0f5aeecaa13772ba56" "check" "--frozen" "--all" "--all-targets" "--message-format=json", kill_on_drop: false }`
[INFO] [stdout] 7f1ea3f9ac7e514fba1f2423d20f66ec83ac77e6e55168da652a6b308bed5333
[INFO] [stderr] WARNING: Your kernel does not support swap limit capabilities or the cgroup is not mounted. Memory limited without swap.
[INFO] running `Command { std: "docker" "start" "-a" "7f1ea3f9ac7e514fba1f2423d20f66ec83ac77e6e55168da652a6b308bed5333", kill_on_drop: false }`
[INFO] [stderr]    Compiling unicode-xid v0.2.0
[INFO] [stderr]    Compiling syn v1.0.30
[INFO] [stderr]    Compiling memchr v2.3.3
[INFO] [stderr]    Compiling libc v0.2.71
[INFO] [stderr]     Checking slab v0.4.2
[INFO] [stderr]     Checking cfg-if v0.1.10
[INFO] [stderr]    Compiling serde v1.0.111
[INFO] [stderr]    Compiling anyhow v1.0.31
[INFO] [stderr]     Checking pin-project-lite v0.1.6
[INFO] [stderr]     Checking lazy_static v1.4.0
[INFO] [stderr]     Checking futures-channel v0.3.5
[INFO] [stderr]     Checking log v0.4.8
[INFO] [stderr]    Compiling proc-macro2 v1.0.18
[INFO] [stderr]    Compiling quote v1.0.6
[INFO] [stderr]     Checking iovec v0.1.4
[INFO] [stderr]     Checking net2 v0.2.34
[INFO] [stderr]     Checking mio v0.6.22
[INFO] [stderr]    Compiling pin-project-internal v0.4.20
[INFO] [stderr]    Compiling futures-macro v0.3.5
[INFO] [stderr]    Compiling tokio-macros v0.2.5
[INFO] [stderr]    Compiling serde_derive v1.0.111
[INFO] [stderr]    Compiling thiserror-impl v1.0.19
[INFO] [stderr]     Checking tokio v0.2.21
[INFO] [stderr]     Checking thiserror v1.0.19
[INFO] [stderr]     Checking pin-project v0.4.20
[INFO] [stderr]     Checking futures-util v0.3.5
[INFO] [stderr]     Checking tokio-util v0.3.1
[INFO] [stderr]     Checking futures-executor v0.3.5
[INFO] [stderr]     Checking futures v0.3.5
[INFO] [stderr]     Checking toml v0.5.6
[INFO] [stderr]     Checking gofer v0.1.0 (/opt/rustwide/workdir)
[INFO] [stdout] error[E0532]: expected unit struct, unit variant or constant, found tuple variant `RequestError::InvalidSelector`
[INFO] [stdout]    --> src/request.rs:189:17
[INFO] [stdout]     |
[INFO] [stdout] 23  |     InvalidSelector(String),
[INFO] [stdout]     |     ----------------------- `RequestError::InvalidSelector` defined here
[INFO] [stdout] ...
[INFO] [stdout] 189 |             Err(RequestError::InvalidSelector) => (),
[INFO] [stdout]     |                 ^^^^^^^^^^^^^^^^^^^^^^^^^^^^^ help: use the tuple variant pattern syntax instead: `RequestError::InvalidSelector(_)`
[INFO] [stdout] 
[INFO] [stdout] 
[INFO] [stdout] error[E0532]: expected unit struct, unit variant or constant, found tuple variant `RequestError::InvalidSelector`
[INFO] [stdout]    --> src/request.rs:200:25
[INFO] [stdout]     |
[INFO] [stdout] 23  |     InvalidSelector(String),
[INFO] [stdout]     |     ----------------------- `RequestError::InvalidSelector` defined here
[INFO] [stdout] ...
[INFO] [stdout] 200 |                     Err(RequestError::InvalidSelector) => (),
[INFO] [stdout]     |                         ^^^^^^^^^^^^^^^^^^^^^^^^^^^^^ help: use the tuple variant pattern syntax instead: `RequestError::InvalidSelector(_)`
[INFO] [stdout] ...
[INFO] [stdout] 206 |         check!("abc\rdef");
[INFO] [stdout]     |         ------------------- in this macro invocation
[INFO] [stdout]     |
[INFO] [stdout]     = note: this error originates in a macro (in Nightly builds, run with -Z macro-backtrace for more info)
[INFO] [stdout] 
[INFO] [stdout] 
[INFO] [stdout] error[E0532]: expected unit struct, unit variant or constant, found tuple variant `RequestError::InvalidSelector`
[INFO] [stdout]    --> src/request.rs:200:25
[INFO] [stdout]     |
[INFO] [stdout] 23  |     InvalidSelector(String),
[INFO] [stdout]     |     ----------------------- `RequestError::InvalidSelector` defined here
[INFO] [stdout] ...
[INFO] [stdout] 200 |                     Err(RequestError::InvalidSelector) => (),
[INFO] [stdout]     |                         ^^^^^^^^^^^^^^^^^^^^^^^^^^^^^ help: use the tuple variant pattern syntax instead: `RequestError::InvalidSelector(_)`
[INFO] [stdout] ...
[INFO] [stdout] 207 |         check!("abc\r");
[INFO] [stdout]     |         ---------------- in this macro invocation
[INFO] [stdout]     |
[INFO] [stdout]     = note: this error originates in a macro (in Nightly builds, run with -Z macro-backtrace for more info)
[INFO] [stdout] 
[INFO] [stdout] 
[INFO] [stdout] error[E0532]: expected unit struct, unit variant or constant, found tuple variant `RequestError::InvalidSelector`
[INFO] [stdout]    --> src/request.rs:200:25
[INFO] [stdout]     |
[INFO] [stdout] 23  |     InvalidSelector(String),
[INFO] [stdout]     |     ----------------------- `RequestError::InvalidSelector` defined here
[INFO] [stdout] ...
[INFO] [stdout] 200 |                     Err(RequestError::InvalidSelector) => (),
[INFO] [stdout]     |                         ^^^^^^^^^^^^^^^^^^^^^^^^^^^^^ help: use the tuple variant pattern syntax instead: `RequestError::InvalidSelector(_)`
[INFO] [stdout] ...
[INFO] [stdout] 208 |         check!("abc\ndef\r\n");
[INFO] [stdout]     |         ----------------------- in this macro invocation
[INFO] [stdout]     |
[INFO] [stdout]     = note: this error originates in a macro (in Nightly builds, run with -Z macro-backtrace for more info)
[INFO] [stdout] 
[INFO] [stdout] 
[INFO] [stdout] error[E0532]: expected unit struct, unit variant or constant, found tuple variant `RequestError::InvalidSelector`
[INFO] [stdout]    --> src/request.rs:200:25
[INFO] [stdout]     |
[INFO] [stdout] 23  |     InvalidSelector(String),
[INFO] [stdout]     |     ----------------------- `RequestError::InvalidSelector` defined here
[INFO] [stdout] ...
[INFO] [stdout] 200 |                     Err(RequestError::InvalidSelector) => (),
[INFO] [stdout]     |                         ^^^^^^^^^^^^^^^^^^^^^^^^^^^^^ help: use the tuple variant pattern syntax instead: `RequestError::InvalidSelector(_)`
[INFO] [stdout] ...
[INFO] [stdout] 209 |         check!("abc\0def\r\n");
[INFO] [stdout]     |         ----------------------- in this macro invocation
[INFO] [stdout]     |
[INFO] [stdout]     = note: this error originates in a macro (in Nightly builds, run with -Z macro-backtrace for more info)
[INFO] [stdout] 
[INFO] [stdout] 
[INFO] [stdout] error[E0532]: expected unit struct, unit variant or constant, found tuple variant `RequestError::InvalidSelector`
[INFO] [stdout]    --> src/request.rs:200:25
[INFO] [stdout]     |
[INFO] [stdout] 23  |     InvalidSelector(String),
[INFO] [stdout]     |     ----------------------- `RequestError::InvalidSelector` defined here
[INFO] [stdout] ...
[INFO] [stdout] 200 |                     Err(RequestError::InvalidSelector) => (),
[INFO] [stdout]     |                         ^^^^^^^^^^^^^^^^^^^^^^^^^^^^^ help: use the tuple variant pattern syntax instead: `RequestError::InvalidSelector(_)`
[INFO] [stdout] ...
[INFO] [stdout] 210 |         check!("abc\tdef\r\n");
[INFO] [stdout]     |         ----------------------- in this macro invocation
[INFO] [stdout]     |
[INFO] [stdout]     = note: this error originates in a macro (in Nightly builds, run with -Z macro-backtrace for more info)
[INFO] [stdout] 
[INFO] [stdout] 
[INFO] [stdout] error: aborting due to 6 previous errors
[INFO] [stdout] 
[INFO] [stdout] 
[INFO] [stdout] For more information about this error, try `rustc --explain E0532`.
[INFO] [stdout] 
[INFO] [stderr] error: could not compile `gofer`.
[INFO] [stderr] 
[INFO] [stderr] To learn more, run the command again with --verbose.
[INFO] [stderr] warning: build failed, waiting for other jobs to finish...
[INFO] [stderr] error: build failed
[INFO] running `Command { std: "docker" "inspect" "7f1ea3f9ac7e514fba1f2423d20f66ec83ac77e6e55168da652a6b308bed5333", kill_on_drop: false }`
[INFO] running `Command { std: "docker" "rm" "-f" "7f1ea3f9ac7e514fba1f2423d20f66ec83ac77e6e55168da652a6b308bed5333", kill_on_drop: false }`
[INFO] [stdout] 7f1ea3f9ac7e514fba1f2423d20f66ec83ac77e6e55168da652a6b308bed5333
